 - 82 = 0. Let n = 40 - 15. Suppose -4*w - n + 501 = 0. What is the greatest common factor of q and w?
17
Suppose 9*a - 20 = 4*a. Suppose -3*t - 4 = 5*u, -a - 6 = 5*u. Suppose -m = h - 8, m - 5*h + t - 4 = 0. What is the greatest common divisor of 28 and m?
7
Suppose 0 = 7*p - 28 + 14. Let j be (1/p)/(6/144). What is the greatest common factor of 6 and j?
6
Let d(a) = a**3 + 10*a**2 + 10*a + 17. Let k be d(-9). Suppose 2*q = 4*y + q - 46, -y + k = -2*q. What is the greatest common divisor of y and 18?
6
Let q(z) = 36*z + 604. Let g be q(-15). What is the greatest common divisor of 3744 and g?
32
Suppose -3*c = -2*z - 277, 6*c - 8*c = -3*z - 183. Calculate the greatest common divisor of c and 217.
31
Suppose -11247*m + 11220*m + 864 = 0. Suppose 10 = 2*j - 34. Suppose j = q + 2*a - m, 5*a = -5*q + 265. Calculate the greatest common divisor of q and 130.
26
Suppose 0 = -45*o + 18*o. Let b be (28/6)/((-14)/(-147) + o). What is the greatest common factor of b and 343?
49
Let j be 108/(-8)*(-17920)/1440. Calculate the highest common factor of 8456 and j.
56
Let t(s) = -38*s + 1434. Let l be t(22). What is the highest common factor of l and 182?
26
Suppose b = 2*z - 6644, 0 = 117*z - 121*z - 3*b + 13268. What is the greatest common factor of z and 4?
4
Let b(s) = 6*s**2 + 15*s - 449. Let x be b(10). Let o = 4 + 3. What is the greatest common factor of o and x?
7
Let x(f) = f**2 + 8*f. Let d be x(-8). Suppose 7*y - 3*y = d, 4*y + 39 = 3*l. Let k = l - 4. Calculate the highest common divisor of 27 and k.
9
Let o(r) be the first derivative of r**4/2 - 31*r**3/3 + 9*r**2/2 + 98*r - 17. Let d be o(15). What is the greatest common factor of 44 and d?
4
Let y be (-4)/(4/(-7))*((-238)/(-98) + 1). What is the highest common divisor of 888 and y?
24
Let n = 340 - 334. Suppose 0 = -4*c + n*c + 4*u - 152, -4*c + u = -322. What is the greatest common divisor of 120 and c?
40
Let q(r) = -5*r - 20. Let t be q(-15). Calculate the highest common divisor of 35 and t.
5
Let t(m) = 26*m**2 + 465*m - 36. Let f be t(-18). Let k = -5 + 10. Let l be (-2 - 28/(-5))*k. What is the greatest common factor of f and l?
18
Suppose 160*q + 54*q - 6812 = -48*q. What is the highest common divisor of q and 6422?
26
Let m = -30471 + 30534. Calculate the greatest common factor of 11592 and m.
63
Suppose o = -4*d + 432, -747 = 5*o - 707. Calculate the greatest common divisor of d and 18854.
22
Let k(c) = -3*c + 24. Let a be k(10). Let l be (1 + a)*(-27)/3. Let x be ((-90)/72)/(1/(-24)). Calculate the highest common divisor of l and x.
15
Suppose 41*r - 7480 = -6660. Suppose v = -2*v + 12. What is the highest common factor of r and v?
4
Let y be (2/(-6))/(2/(-18)). Suppose -x + y*d = 43, 5*x = 2*d + 69 - 284. Let z = x - -73. What is the highest common factor of z and 10?
10
Let h(t) = t**2 - 35*t - 3. Let l be h(-7). Suppose -53 = 14*k - l. What is the highest common factor of k and 51?
17
Let x be 10*(105/25 + -3). Let p(n) = n**2 + 11*n - 24. Suppose 0*k + 30 = -2*k. Let l be p(k). What is the greatest common divisor of x and l?
12
Let z = 2712 - 2604. Calculate the greatest common divisor of 4572 and z.
36
Let m(c) = 58*c - 790. Let r be m(15). Suppose -q = -4 - 44. Calculate the highest common divisor of r and q.
16
Let l = 884 + -379. Suppose -a + l = 2*r, 5*a + 2*r - 2476 = 17. Calculate the greatest common divisor of 7 and a.
7
Suppose 2*s = s + 15. Suppose 17*o - 94*o + 7261 = -3134. Calculate the highest common factor of o and s.
15
Let t = 1237 + -1192. Calculate the greatest common divisor of t and 45.
45
Let p(l) = -2*l - 30. Let g be p(-16). Let i be 2/8 - g/(16/18). Let h(a) = -24*a - 4. Let y be h(i). Calculate the highest common divisor of 110 and y.
22
Let m(g) = -47*g - 3. Let r be m(-5). Suppose -3*j - j - 84 = 0. Let p = 50 + j. Calculate the highest common divisor of r and p.
29
Let u be (-11)/198*-402*243*3. What is the greatest common divisor of u and 27?
27
Let t be (((-3888)/(-126))/(-3))/(492/(-245) + 2). Calculate the highest common factor of 700 and t.
140
Let f be 805/230 - 220563/(-6). Calculate the highest common divisor of f and 28.
28
Let q be (-53739)/(-18)*(4/(-26) + (-28)/(-13)). Calculate the highest common divisor of 7 and q.
7
Suppose 0 = g - 36 + 34. Let y be 13/(-26) - (-3)/g. Let u be y/(-3)*45/6*-28. Calculate the greatest common factor of 14 and u.
14
Let b = -22517 - -22521. Let z(u) = u**2 + 4*u. Let v be z(-5). Let t = v - -63. What is the greatest common divisor of b and t?
4
Let n(w) = 53*w - 887. Let j be n(17). Calculate the greatest common factor of 1302 and j.
14
Let s(k) = 24*k**2 + 563*k + 3324. Let z be s(-6). What is the greatest common divisor of z and 70?
10
Suppose -4*b = 4*m + 4072, 3*b + 4044 = -b + 3*m. Let f = -1005 - b. Calculate the highest common divisor of 900 and f.
9
Suppose -4*q + 6*q = 4*w + 30, q - 19 = 4*w. Let z(s) = -q + 25*s**2 + 3 + 6*s + 6 + 1. Let t be z(3). Calculate the highest common factor of 22 and t.
22
Let f(a) = -4*a + 518. Let w be f(-13). What is the greatest common factor of w and 510?
30
Suppose 5*a - 40 - 5 = 0. Let r be (-1)/3 + 111/a. Let h be -18*(-5 - 3)*(-30)/(-440)*11. What is the greatest common divisor of h and r?
12
Suppose -f + 10 = 5. Suppose 4*l - 7 = f. Suppose -j - 5*k = -185, k - l*k + 378 = 2*j. What is the greatest common factor of j and 38?
38
Let p(k) = 20 + 3050*k - 3107*k + 5. Suppose -11 - 9 = 5*t. Let l be p(t). Calculate the highest common factor of l and 23.
23
Let t be (-468)/858 + (-1964)/(-11). Suppose 392 + t = 19*d. Calculate the highest common divisor of 735 and d.
15
Suppose -3*w + 51 = -5*x, w - 14 = 2*x + 4. Let c = 5475 - 5463. Calculate the highest common divisor of w and c.
12
Let l = 9 + -5. Suppose -4*c + 216 = -2*n, -3*c - 9*n = -l*n - 136. What is the highest common factor of c and 286?
26
Let r(p) = p**3 - 23*p**2 + 69*p - 17. Let d(q) = -q**3 - 33*q**2 + 68*q - 49. Let g be d(-35). Let t be r(g). Calculate the highest common divisor of t and 50.
50
Let g be 570/9 + (6/18)/(-1). Suppose -5*q + 424 = 4*d, 2*q + 0*d - 163 = 5*d. What is the greatest common divisor of g and q?
21
Suppose 1 = -5*v + 16, 0 = d - 4*v + 8. Suppose d*u - 8 = 0, 9*m - 8*m + 3*u - 42 = 0. Calculate the highest common divisor of m and 36.
36
Let i be (-2)/(-16) + 1001/56. What is the highest common factor of i and 1356?
6
Let u be (-1518)/(-77) + (-32)/(-112). Let h = 177 + 163. What is the greatest common divisor of h and u?
20
Let h(j) = -29*j - 38. Let w be h(6). Let z = w + 264. Calculate the greatest common divisor of 2 and z.
2
Let t = 5 + -17. Let g = t - -8. Let f(m) = -5*m - 8. Let k be f(g). Calculate the highest common divisor of 4 and k.
4
Let o(w) = w**3 + w**2 + w + 512. Let l be o(0). What is the greatest common factor of 12 and l?
4
Let w be 1*10*(-36)/(-72). Suppose -w*p = -1024 + 229. Calculate the greatest common factor of p and 212.
53
Suppose -5*y - 25 = s + 22, 2*s + 34 = -4*y. Let a = y + 10. Suppose a = -8*n + 16 + 8. What is the greatest common divisor of n and 6?
3
Suppose 3*v - 9 = -2*y, 3*v = -2*y + v + 14. Let l = 29 + -33. Let t(k) = -k**3 + 2*k**2 - 3*k. Let p be t(l). What is the highest common factor of p and y?
12
Let c(m) = -m**3 + 9*m**2 + 9*m - 19. Let a be c(8). What is the greatest common divisor of a and 91?
13
Suppose 9 = -3*t - 9. Let k be (138/(-12))/(3/t). What is the greatest common factor of 299 and k?
23
Let d be 24*-580*(-12)/90. Calculate the greatest common divisor of d and 64.
64
Let a(y) = y**3 - 7*y**2 + 9*y + 5. Let i be a(5). Suppose i = q - w - 7, 3*q + 3 = -w + 12. What is the greatest common factor of 556 and q?
4
Let u = 3 + 1. Let d(w) = -w**2 + 12*w - 9. Let p be d(3). Suppose p*a = 86 + 22. What is the greatest common divisor of a and u?
2
Let n = -6 - -15. Suppose 2*x = r + 1, 0 = -3*x + 5*r - n. Let u be ((-132)/(-14))/((-276)/(-644)). Calculate the greatest common divisor of u and x.
2
Let p be (30/(-225))/((-2)/10)*18. Let n be p*4/(-56)*7*-3. Calculate the greatest common factor of 12 and n.
6
Let v(f) = -20*f - 160. Let u be (48/18 - -5)*-3. Let k be v(u). Calculate the greatest common factor of k and 400.
100
Let i(d) = -58*d - 695. Let r be i(-12). Let o be (-90)/(-4)*((-78)/(-10) + r). Suppose 54 = 5*x - 2*